{"id":29533,"date":"2019-09-25T02:52:34","date_gmt":"2019-09-25T00:52:34","guid":{"rendered":"https:\/\/adelaide-charriere.com\/schweiz\/"},"modified":"2019-09-25T02:52:35","modified_gmt":"2019-09-25T00:52:35","slug":"schweiz","status":"publish","type":"page","link":"https:\/\/adelaide-charriere.com\/de\/schweiz\/","title":{"rendered":"Schweiz"},"content":{"rendered":"\n<p>Das Land, wo ich mich entschieden habe, meinen Koffer zu Hause zu stellen und meine Wurzeln zu st\u00e4rken.<\/p>\n\n<p>Bei dem deutsch-schweize Teil in Z\u00fcrich, wo der morgenliche Rennen zum Uetlibergs Gipfel mir Freude bringt. Einfach um den Sonnenaufgang zu bewundern, oder den Zug ab Triemli zu nehmen und im Winter mit dem Schlitten durch die sch\u00f6ne schneebedeckte Rodelbahn hinunterzufahren.<br\/>Dank meiner Arbeit und assoziativen Aktivit\u00e4ten mit <a href=\"http:\/\/www.jci.ch\">JCI<\/a> Schwiizerd\u00fctsch lernen. <br\/>Im <a href=\"http:\/\/www.nordiska.ch\">Nordiska<\/a> Skandinawische Ruderklub D\u00e4nisch \u00fcben<\/p>\n\n<p>Zur\u00fcck auf der franz\u00f6sischen Seite sch\u00e4tze ich die Waadtl\u00e4nder Natur, nah zu dem See und den Bergen.<br\/>Nicht zu vergessen ist die internationale Stadt <a href=\"https:\/\/www.nytimes.com\/2019\/09\/12\/travel\/what-to-do-36-hours-in-geneva.html?smid=nytcore-ios-share&amp;fbclid=IwAR1QnttiXIBJ8mN8XhXEZ2relpSpe5K5tKhefKXmXw66qb0otHLy5pLlsFo\">Genf,<\/a> die grenz\u00fcberschreitend durch seine zahlreichen internationalen Organisationen ausstrahlt.<\/p>\n\n<div class=\"wp-block-image\"><figure class=\"alignleft is-resized\"><img loading=\"lazy\" decoding=\"async\" src=\"https:\/\/adelaide-charriere.com\/wp-content\/uploads\/2019\/09\/Geneva-at-night-FabriceCoffrini.jpg\" alt=\"\" class=\"wp-image-28953\" width=\"493\" height=\"371\" srcset=\"https:\/\/adelaide-charriere.com\/wp-content\/uploads\/2019\/09\/Geneva-at-night-FabriceCoffrini.jpg 1000w, https:\/\/adelaide-charriere.com\/wp-content\/uploads\/2019\/09\/Geneva-at-night-FabriceCoffrini-300x225.jpg 300w, https:\/\/adelaide-charriere.com\/wp-content\/uploads\/2019\/09\/Geneva-at-night-FabriceCoffrini-768x576.jpg 768w\" sizes=\"auto, (max-width: 493px) 100vw, 493px\" \/><figcaption>Genf und seine sch\u00f6ne Lichte..<\/figcaption><\/figure><\/div>\n","protected":false},"excerpt":{"rendered":"<p>Das Land, wo ich mich entschieden habe, meinen Koffer zu Hause zu stellen und meine Wurzeln zu st\u00e4rken. Bei dem deutsch-schweize Teil in Z\u00fcrich, wo der morgenliche Rennen zum Uetlibergs Gipfel mir Freude bringt. Einfach um den Sonnenaufgang zu bewundern, oder den Zug ab Triemli zu nehmen und im Winter mit dem Schlitten durch die [&hellip;]<\/p>\n","protected":false},"author":1,"featured_media":0,"parent":0,"menu_order":0,"comment_status":"closed","ping_status":"closed","template":"","meta":{"_et_pb_use_builder":"off","_et_pb_old_content":"","_et_gb_content_width":"","footnotes":""},"class_list":["post-29533","page","type-page","status-publish","hentry"],"_links":{"self":[{"href":"https:\/\/adelaide-charriere.com\/de\/wp-json\/wp\/v2\/pages\/29533","targetHints":{"allow":["GET"]}}],"collection":[{"href":"https:\/\/adelaide-charriere.com\/de\/wp-json\/wp\/v2\/pages"}],"about":[{"href":"https:\/\/adelaide-charriere.com\/de\/wp-json\/wp\/v2\/types\/page"}],"author":[{"embeddable":true,"href":"https:\/\/adelaide-charriere.com\/de\/wp-json\/wp\/v2\/users\/1"}],"replies":[{"embeddable":true,"href":"https:\/\/adelaide-charriere.com\/de\/wp-json\/wp\/v2\/comments?post=29533"}],"version-history":[{"count":1,"href":"https:\/\/adelaide-charriere.com\/de\/wp-json\/wp\/v2\/pages\/29533\/revisions"}],"predecessor-version":[{"id":29534,"href":"https:\/\/adelaide-charriere.com\/de\/wp-json\/wp\/v2\/pages\/29533\/revisions\/29534"}],"wp:attachment":[{"href":"https:\/\/adelaide-charriere.com\/de\/wp-json\/wp\/v2\/media?parent=29533"}],"curies":[{"name":"wp","href":"https:\/\/api.w.org\/{rel}","templated":true}]}}

<p>Das Land, wo ich mich entschieden habe, meinen Koffer zu Hause zu stellen und meine Wurzeln zu stärken.</p>

<p>Bei dem deutsch-schweize Teil in Zürich, wo der morgenliche Rennen zum Uetlibergs Gipfel mir Freude bringt. Einfach um den Sonnenaufgang zu bewundern, oder den Zug ab Triemli zu nehmen und im Winter mit dem Schlitten durch die schöne schneebedeckte Rodelbahn hinunterzufahren.<br/>Dank meiner Arbeit und assoziativen Aktivitäten mit <a href="http://www.jci.ch">JCI</a> Schwiizerdütsch lernen. <br/>Im <a href="http://www.nordiska.ch">Nordiska</a> Skandinawische Ruderklub Dänisch üben</p>

<p>Zurück auf der französischen Seite schätze ich die Waadtländer Natur, nah zu dem See und den Bergen.<br/>Nicht zu vergessen ist die internationale Stadt <a href="https://www.nytimes.com/2019/09/12/travel/what-to-do-36-hours-in-geneva.html?smid=nytcore-ios-share&amp;fbclid=IwAR1QnttiXIBJ8mN8XhXEZ2relpSpe5K5tKhefKXmXw66qb0otHLy5pLlsFo">Genf,</a> die grenzüberschreitend durch seine zahlreichen internationalen Organisationen ausstrahlt.</p>

<div class="wp-block-image"><figure class="alignleft is-resized"><img loading="lazy" decoding="async" src="https://adelaide-charriere.com/wp-content/uploads/2019/09/Geneva-at-night-FabriceCoffrini.jpg" alt="" class="wp-image-28953" width="493" height="371" srcset="https://adelaide-charriere.com/wp-content/uploads/2019/09/Geneva-at-night-FabriceCoffrini.jpg 1000w, https://adelaide-charriere.com/wp-content/uploads/2019/09/Geneva-at-night-FabriceCoffrini-300x225.jpg 300w, https://adelaide-charriere.com/wp-content/uploads/2019/09/Geneva-at-night-FabriceCoffrini-768x576.jpg 768w" sizes="auto, (max-width: 493px) 100vw, 493px" /><figcaption>Genf und seine schöne Lichte..</figcaption></figure></div>

<p>Das Land, wo ich mich entschieden habe, meinen Koffer zu Hause zu stellen und meine Wurzeln zu stärken. Bei dem deutsch-schweize Teil in Zürich, wo der morgenliche Rennen zum Uetlibergs Gipfel mir Freude bringt. Einfach um den Sonnenaufgang zu bewundern, oder den Zug ab Triemli zu nehmen und im Winter mit dem Schlitten durch die [&hellip;]</p>
